{"id":41,"date":"2016-01-30T15:26:59","date_gmt":"2016-01-30T18:26:59","guid":{"rendered":"http:\/\/privilegelocacoes.com.br\/site\/\/?page_id=41"},"modified":"2022-09-26T14:46:39","modified_gmt":"2022-09-26T17:46:39","slug":"rebaixamento-de-lencol-freatico","status":"publish","type":"page","link":"https:\/\/privilegelocacoes.com.br\/site\/rebaixamento-de-lencol-freatico\/","title":{"rendered":"Rebaixamento de Len\u00e7ol Fre\u00e1tico"},"content":{"rendered":"<div class=\"et_pb_section et_pb_fullwidth_section et_section_regular\" style='background-color:#939598;'>\n\t\t\t\n\t\t\t\n\t\t\t\t\n\t\t\t\t<section class=\"et_pb_fullwidth_header et_pb_bg_layout_dark et_pb_text_align_left\">\n\t\t\t<div class=\"et_pb_row\">\n\t\t\t\t<h1>Nossos servi\u00e7os<\/h1>\n\t\t\t\t<p class=\"et_pb_fullwidth_header_subhead\">Saiba mais sobre a nossa empresa<\/p>\n\t\t\t<\/div>\n\t\t<\/section>\n\t\t\t\n\t\t<\/div> <!-- .et_pb_section --><div class=\"et_pb_section et_pb_section_parallax et_section_regular\" style='background-color:#ffffff;'>\n\t\t\t<div class=\"et_parallax_bg et_pb_parallax_css\" style=\"background-image: url(http:\/\/privilegelocacoes.com.br\/site\/\/wp-content\/uploads\/2016\/06\/Privilege-Loca\u00e7\u00f5es-1.jpg);\"><\/div>\n\t\t\t\n\t\t\t\t\n\t\t\t\t<div class=\"et_pb_row\">\n\t\t\t<div class=\"et_pb_column et_pb_column_2_3\">\n\t\t\t<div class=\"et_pb_text et_pb_bg_layout_dark et_pb_text_align_left\">\n\t\t\t\n<h2>Rebaixamento de Len\u00e7ol Fre\u00e1tico &#8211; Principais Servi\u00e7os<\/h2>\n<p>\u2713\u00a0Rebaixamento do Len\u00e7ol Fre\u00e1tico<\/p>\n<p>\u2713\u00a0Consultoria para o rebaixamento do len\u00e7ol fre\u00e1tico<\/p>\n<p>\u2713\u00a0Estudo do Solo e Viabilidade de execu\u00e7\u00e3o de rebaixamento de len\u00e7ol fre\u00e1tico<\/p>\n<p>\u2713\u00a0Terceiriza\u00e7\u00e3o de maquinario, equipamentos e equipe t\u00e9cnica especializada em rebaixamento de len\u00e7ol fre\u00e1tico<\/p>\n<p>\u2713 Rebaixamento de Len\u00e7ol Fre\u00e1tico com Ponteiras Firme<\/p>\n<p>\u2713 Rebaixamento de Len\u00e7ol Fre\u00e1tico com Ponteiras Filtrantes<\/p>\n<h2><\/h2>\n<div class=\"span6\"><\/div>\n\n\t\t<\/div> <!-- .et_pb_text --><div class=\"et_pb_text et_pb_bg_layout_dark et_pb_text_align_left\">\n\t\t\t\n<h2>Princ\u00edpio b\u00e1sico do rebaixamento<\/h2>\n<p>O princ\u00edpio b\u00e1sico de um rebaixamento de len\u00e7ol d\u2019\u00e1gua consiste no desenvolvimento de um gradiente hidr\u00e1ulico, em rela\u00e7\u00e3o ao n\u00edvel d\u2019\u00e1gua natural, de modo a formar um fluxo artificial de \u00e1gua para pontos localizados.<\/p>\n<p>A coleta \u201cexclusiva\u201d de \u00e1gua desses pontos \u00e9 feita por um sistema de rebaixamento, cuja escolha \u00e9 fun\u00e7\u00e3o da geometria e profundidade da escava\u00e7\u00e3o abaixo do n\u00edvel d\u2019\u00e1gua, da permeabilidade e do tipo do aq\u00fc\u00edfero.<\/p>\n<p>Nesse sistema, a \u00e1gua \u00e9 succionada atrav\u00e9s de ponteiras \u201cfiltrantes\u201d constitu\u00eddas por tubos de 1 \u00bd\u201d de di\u00e2metro, com pontas ranhuradas, conectadas a bombas de v\u00e1cuo atrav\u00e9s de um tubo coletor com 4\u2033 de di\u00e2metro.<\/p>\n<p>A \u00e1gua succionada \u00e9 captada por bombas d\u2019\u00e1gua e despejada fora da zona de influ\u00eancia do rebaixamento.<\/p>\n<p>Para espa\u00e7amentos usuais entre ponteiras de 1 a 2 metros e vaz\u00f5es unit\u00e1rias de at\u00e9 1,0 m\u00b3\/h.<\/p>\n<p>A extremidade dos coletores \u00e9 conectada ao equipamento composto de bomba de v\u00e1cuo, separador ar-\u00e1gua, bomba centr\u00edfuga, o qual retira \u00e1gua do solo, fazendo com que a press\u00e3o atmosf\u00e9rica recalque a \u00e1gua e promova a escorva da bomba centr\u00edfuga e conseq\u00fcente bombeamento.<\/p>\n<p>As ponteiras utilizadas t\u00eam entre 3,8 cm e 5,8 cm de di\u00e2metro e de 0,3 a 1,0 m de comprimento feito de tubos de a\u00e7o galvanizado ou PVC perfurados e envoltos por tela filtrante evitando assim que outras mat\u00e9rias sejam sugadas junto com o len\u00e7ol.<\/p>\n<p>Nossa empresa t\u00eam not\u00f3ria especializa\u00e7\u00e3o nos servi\u00e7os prestados com atendimento em todo o territ\u00f3rio nacional<\/p>\n\n\t\t<\/div> <!-- .et_pb_text --><div class=\"et_pb_text et_pb_bg_layout_light et_pb_text_align_left\">\n\t\t\t<a class=\"BUTTON_WUX\" href=\"http:\/\/privilegelocacoes.com.br\/site\/\/contato\/\">Entre em contato e tire d\u00favidas hoje mesmo! <\/a>\n\t\t<\/div> <!-- .et_pb_text --><div class=\"et_pb_text et_pb_bg_layout_dark et_pb_text_align_left\">\n\t\t\t\n<h2>Termos de Pesquisa mais comuns para Rebaixamento de Len\u00e7ol Fre\u00e1tico:<\/h2>\n<div class=\"span6\">\n<p>\u2713 Rebaixamento de Len\u00e7ol Fre\u00e1tico com ponteiras firmes<\/p>\n<\/div>\n<div class=\"span6\">\n<p>\u2713\u00a0Rebaixamento de Len\u00e7ol Fre\u00e1tico permanente<\/p>\n<\/div>\n<div class=\"span6\">\n<p>\u2713\u00a0Rebaixamento de Len\u00e7ol Fre\u00e1tico tempor\u00e1rio<\/p>\n<\/div>\n<div class=\"span6\">\n<p>\u2713\u00a0Rebaixamento de Len\u00e7ol Fre\u00e1tico com bombeamento direto<\/p>\n<\/div>\n<div class=\"span6\">\n<p>\u2713\u00a0Rebaixamento de Len\u00e7ol Fre\u00e1tico para funda\u00e7\u00f5es<\/p>\n<\/div>\n<div class=\"span6\">\n<p>\u2713\u00a0Rebaixamento de Solo<\/p>\n<\/div>\n\n\t\t<\/div> <!-- .et_pb_text -->\n\t\t<\/div> <!-- .et_pb_column --><div class=\"et_pb_column et_pb_column_1_3\">\n\t\t\t<img src=\"\" alt=\"\" class=\"et-waypoint et_pb_image et_pb_animation_left\" \/>\n\t\t<\/div> <!-- .et_pb_column -->\n\t\t<\/div> <!-- .et_pb_row -->\n\t\t\t\n\t\t<\/div> <!-- .et_pb_section --><div class=\"et_pb_section et_section_regular\" style='background-color:#939598;'>\n\t\t\t\n\t\t\t\n\t\t\t\t\n\t\t\t\t<div class=\"et_pb_row\">\n\t\t\t<div class=\"et_pb_column et_pb_column_4_4\">\n\t\t\t<div class=\"et_pb_text et_pb_bg_layout_dark et_pb_text_align_center\">\n\t\t\t\n<h2 style=\"text-align: center;\">Obras em execu\u00e7\u00e3o<\/h2>\n\n\t\t<\/div> <!-- .et_pb_text -->\n\t\t<\/div> <!-- .et_pb_column -->\n\t\t<\/div> <!-- .et_pb_row -->\n\t\t\t\n\t\t<\/div> <!-- .et_pb_section --><div class=\"et_pb_section et_section_regular\" style='background-color:#bababa;'>\n\t\t\t\n\t\t\t\n\t\t\t\t\n\t\t\t\t<div class=\"et_pb_row\">\n\t\t\t<div class=\"et_pb_column et_pb_column_4_4\">\n\t\t\t<div class=\"et_pb_gallery et_pb_gallery_grid et_pb_bg_layout_light clearfix\">\n\t\t\t<div class=\"column_width\"><\/div><div class=\"gutter_width\"><\/div>\n\t\t\t<div class=\"et_pb_gallery_items et_post_gallery\" data-per_page=\"11\"><div class=\"et_pb_gallery_item et_pb_bg_layout_light\">\n\t\t\t<div class='et_pb_gallery_image landscape'>\n\t\t\t\t<a href=\"https:\/\/privilegelocacoes.com.br\/site\/wp-content\/uploads\/2016\/06\/09.jpg\" title=\"09\">\n\t\t\t\t<img src=\"https:\/\/privilegelocacoes.com.br\/site\/wp-content\/uploads\/2016\/06\/09-400x284.jpg\" alt=\"09\" \/><span class=\"et_overlay\"><\/span>\n\t\t\t<\/a>\n\t\t\t<\/div><\/div><div class=\"et_pb_gallery_item et_pb_bg_layout_light\">\n\t\t\t<div class='et_pb_gallery_image landscape'>\n\t\t\t\t<a href=\"https:\/\/privilegelocacoes.com.br\/site\/wp-content\/uploads\/2016\/06\/10.jpg\" title=\"10\">\n\t\t\t\t<img src=\"https:\/\/privilegelocacoes.com.br\/site\/wp-content\/uploads\/2016\/06\/10-400x284.jpg\" alt=\"10\" \/><span class=\"et_overlay\"><\/span>\n\t\t\t<\/a>\n\t\t\t<\/div><\/div><div class=\"et_pb_gallery_item et_pb_bg_layout_light\">\n\t\t\t<div class='et_pb_gallery_image landscape'>\n\t\t\t\t<a href=\"https:\/\/privilegelocacoes.com.br\/site\/wp-content\/uploads\/2016\/06\/11.jpg\" title=\"11\">\n\t\t\t\t<img src=\"https:\/\/privilegelocacoes.com.br\/site\/wp-content\/uploads\/2016\/06\/11-400x284.jpg\" alt=\"11\" \/><span class=\"et_overlay\"><\/span>\n\t\t\t<\/a>\n\t\t\t<\/div><\/div><div class=\"et_pb_gallery_item et_pb_bg_layout_light\">\n\t\t\t<div class='et_pb_gallery_image landscape'>\n\t\t\t\t<a href=\"https:\/\/privilegelocacoes.com.br\/site\/wp-content\/uploads\/2016\/06\/08.jpg\" title=\"08\">\n\t\t\t\t<img src=\"https:\/\/privilegelocacoes.com.br\/site\/wp-content\/uploads\/2016\/06\/08-400x284.jpg\" alt=\"08\" \/><span class=\"et_overlay\"><\/span>\n\t\t\t<\/a>\n\t\t\t<\/div><\/div><div class=\"et_pb_gallery_item et_pb_bg_layout_light\">\n\t\t\t<div class='et_pb_gallery_image landscape'>\n\t\t\t\t<a href=\"https:\/\/privilegelocacoes.com.br\/site\/wp-content\/uploads\/2016\/06\/07.jpg\" title=\"07\">\n\t\t\t\t<img src=\"https:\/\/privilegelocacoes.com.br\/site\/wp-content\/uploads\/2016\/06\/07-400x284.jpg\" alt=\"07\" \/><span class=\"et_overlay\"><\/span>\n\t\t\t<\/a>\n\t\t\t<\/div><\/div><div class=\"et_pb_gallery_item et_pb_bg_layout_light\">\n\t\t\t<div class='et_pb_gallery_image landscape'>\n\t\t\t\t<a href=\"https:\/\/privilegelocacoes.com.br\/site\/wp-content\/uploads\/2016\/06\/06.jpg\" title=\"06\">\n\t\t\t\t<img src=\"https:\/\/privilegelocacoes.com.br\/site\/wp-content\/uploads\/2016\/06\/06-400x284.jpg\" alt=\"06\" \/><span class=\"et_overlay\"><\/span>\n\t\t\t<\/a>\n\t\t\t<\/div><\/div><div class=\"et_pb_gallery_item et_pb_bg_layout_light\">\n\t\t\t<div class='et_pb_gallery_image landscape'>\n\t\t\t\t<a href=\"https:\/\/privilegelocacoes.com.br\/site\/wp-content\/uploads\/2016\/06\/05.jpg\" title=\"05\">\n\t\t\t\t<img src=\"https:\/\/privilegelocacoes.com.br\/site\/wp-content\/uploads\/2016\/06\/05-400x284.jpg\" alt=\"05\" \/><span class=\"et_overlay\"><\/span>\n\t\t\t<\/a>\n\t\t\t<\/div><\/div><div class=\"et_pb_gallery_item et_pb_bg_layout_light\">\n\t\t\t<div class='et_pb_gallery_image landscape'>\n\t\t\t\t<a href=\"https:\/\/privilegelocacoes.com.br\/site\/wp-content\/uploads\/2016\/06\/04.jpg\" title=\"04\">\n\t\t\t\t<img src=\"https:\/\/privilegelocacoes.com.br\/site\/wp-content\/uploads\/2016\/06\/04-400x284.jpg\" alt=\"04\" \/><span class=\"et_overlay\"><\/span>\n\t\t\t<\/a>\n\t\t\t<\/div><\/div><div class=\"et_pb_gallery_item et_pb_bg_layout_light\">\n\t\t\t<div class='et_pb_gallery_image landscape'>\n\t\t\t\t<a href=\"https:\/\/privilegelocacoes.com.br\/site\/wp-content\/uploads\/2016\/06\/03.jpg\" title=\"03\">\n\t\t\t\t<img src=\"https:\/\/privilegelocacoes.com.br\/site\/wp-content\/uploads\/2016\/06\/03-400x284.jpg\" alt=\"03\" \/><span class=\"et_overlay\"><\/span>\n\t\t\t<\/a>\n\t\t\t<\/div><\/div><div class=\"et_pb_gallery_item et_pb_bg_layout_light\">\n\t\t\t<div class='et_pb_gallery_image landscape'>\n\t\t\t\t<a href=\"https:\/\/privilegelocacoes.com.br\/site\/wp-content\/uploads\/2016\/06\/02.jpg\" title=\"02\">\n\t\t\t\t<img src=\"https:\/\/privilegelocacoes.com.br\/site\/wp-content\/uploads\/2016\/06\/02-400x284.jpg\" alt=\"02\" \/><span class=\"et_overlay\"><\/span>\n\t\t\t<\/a>\n\t\t\t<\/div><\/div><div class=\"et_pb_gallery_item et_pb_bg_layout_light\">\n\t\t\t<div class='et_pb_gallery_image landscape'>\n\t\t\t\t<a href=\"https:\/\/privilegelocacoes.com.br\/site\/wp-content\/uploads\/2016\/06\/01.jpg\" title=\"01\">\n\t\t\t\t<img src=\"https:\/\/privilegelocacoes.com.br\/site\/wp-content\/uploads\/2016\/06\/01-400x284.jpg\" alt=\"01\" \/><span class=\"et_overlay\"><\/span>\n\t\t\t<\/a>\n\t\t\t<\/div><\/div><\/div><!-- .et_pb_gallery_items --><\/div><!-- .et_pb_gallery -->\n\t\t<\/div> <!-- .et_pb_column -->\n\t\t<\/div> <!-- .et_pb_row -->\n\t\t\t\n\t\t<\/div> <!-- .et_pb_section --><\/p>\n","protected":false},"excerpt":{"rendered":"Nossos servi\u00e7os Saiba mais sobre a nossa empresa Rebaixamento de Len\u00e7ol Fre\u00e1tico - Principais Servi\u00e7os \u2713\u00a0Rebaixamento do Len\u00e7ol Fre\u00e1tico \u2713\u00a0Consultoria para o rebaixamento do len\u00e7ol fre\u00e1tico \u2713\u00a0Estudo do Solo e Viabilidade de execu\u00e7\u00e3o de rebaixamento de len\u00e7ol fre\u00e1tico \u2713\u00a0Terceiriza\u00e7\u00e3o de maquinario, equipamentos e equipe t\u00e9cnica especializada em rebaixamento de len\u00e7ol fre\u00e1tico \u2713 Rebaixamento de Len\u00e7ol [...]","protected":false},"author":1,"featured_media":0,"parent":0,"menu_order":0,"comment_status":"open","ping_status":"open","template":"elementor_header_footer","meta":[],"_links":{"self":[{"href":"https:\/\/privilegelocacoes.com.br\/site\/wp-json\/wp\/v2\/pages\/41"}],"collection":[{"href":"https:\/\/privilegelocacoes.com.br\/site\/wp-json\/wp\/v2\/pages"}],"about":[{"href":"https:\/\/privilegelocacoes.com.br\/site\/wp-json\/wp\/v2\/types\/page"}],"author":[{"embeddable":true,"href":"https:\/\/privilegelocacoes.com.br\/site\/wp-json\/wp\/v2\/users\/1"}],"replies":[{"embeddable":true,"href":"https:\/\/privilegelocacoes.com.br\/site\/wp-json\/wp\/v2\/comments?post=41"}],"version-history":[{"count":0,"href":"https:\/\/privilegelocacoes.com.br\/site\/wp-json\/wp\/v2\/pages\/41\/revisions"}],"wp:attachment":[{"href":"https:\/\/privilegelocacoes.com.br\/site\/wp-json\/wp\/v2\/media?parent=41"}],"curies":[{"name":"wp","href":"https:\/\/api.w.org\/{rel}","templated":true}]}}